y (-15)/(-10) - 46/(-4).
12
Let p(y) = y**3 + 5*y**2 - 4*y. Let x = 301 + -183. Suppose 2*i + 0*i - x = 0. Calculate the remainder when i is divided by p(-5).
19
Calculate the remainder when 194 is divided by 36/(-12)*84/(-9).
26
Let z = 0 + 0. What is the remainder when 17 is divided by -8*((-6)/8 - z)?
5
Let g(i) be the second derivative of i**5/20 - i**3/6 + 3*i**2 - 4*i. What is the remainder when g(0) is divided by -3*(1 - (-14)/(-6))?
2
Let i(g) = g**3 + 4*g**2 - 4*g - 13. What is the remainder when 37 is divided by i(-3)?
5
Suppose 4*q + 73 = p, 3*p - 219 = 3*q + q. What is the remainder when p is divided by 15?
13
Let n(m) = 7*m + 10. Calculate the remainder when n(5) is divided by 23.
22
Let o(p) = 32*p**2 + 3*p + 2. What is the remainder when 120 is divided by o(-1)?
27
Suppose 4*u - 2*u = -8, -3*u = -4*l + 20. Let n be (-466)/(-6) + l/(-3). Suppose -3*p = 23 - n. What is the remainder when p is divided by 10?
8
Calculate the remainder when (-81)/(-3) - 4/12*3 is divided by 14.
12
Suppose -5*f + 2400 = -5*d, d = 6*d + 25. What is the remainder when f is divided by 68?
67
Let q = 8 + -12. Let h = 23 + q. Suppose -r - 30 = -3*m, 3*m + r = 15 + 15. Calculate the remainder when h is divided by m.
9
Suppose n = 5*n - 36. Calculate the remainder when n is divided by 5.
4
Let p(n) = -n**2 - 6*n - 3. Let m be p(-2). Suppose -j = -m*o - 5, -j - 4 + 19 = 5*o. Calculate the remainder when j is divided by 4.
2
Suppose 0 = -2*b + b + 9. Calculate the remainder when 35 is divided by b.
8
Suppose -5*m = -3*w - 1013, 0 = -3*m + 2*w - 6*w + 631. What is the remainder when m is divided by 23?
21
Suppose 4*k - k + 12 = 0. Let y(i) = -i - 4. Let v be y(k). Suppose -c + 2 + 21 = v. Calculate the remainder when c is divided by 12.
11
Suppose 472 - 163 = 3*w + 3*d, 3*w - 2*d - 314 = 0. Calculate the remainder when w is divided by 35.
34
Let p(i) = 6*i**2 + 4*i + 3. Let x = 21 - 14. Calculate the remainder when p(-2) is divided by x.
5
Let i(g) = -7*g**2 - 3*g + 1. Let v be i(4). Let o = 175 + v. Suppose 2*r = 4*r - o. Calculate the remainder when 50 is divided by r.
24
Suppose 5*f = 53 + 197. Calculate the remainder when f is divided by 26.
24
Let b = -27 + 47. Calculate the remainder when 49 is divided by b.
9
Let j(g) = 2*g**2 - 3*g - 12. Calculate the remainder when 114 is divided by j(5).
22
Suppose -3*h + 2*h = -8. Suppose -h - 8 = -o. What is the remainder when 46 is divided by o?
14
Let a be (-2)/(-4) - 105/(-6). Let h = a - 11. Suppose 69 = h*t - 2*t + 3*s, 0 = s - 3. What is the remainder when 22 is divided by t?
10
Let j be (0 + 1)/(10/50). Let k(q) = 5 + 2 - q + 0*q. What is the remainder when 3 is divided by k(j)?
1
Let a(y) = y**2 - 3*y - 6. Let s be 1/5 + (-116)/(-20). Suppose -x + 105 = 2*x. What is the remainder when x is divided by a(s)?
11
Calculate the remainder when 10 is divided by 2*1 - (-48)/24.
2
Suppose 4*t = 20, 3*t + 348 = 4*a + 7*t. Calculate the remainder when a is divided by 21.
19
Let a = 98 + -44. What is the remainder when a is divided by 19?
16
What is the remainder when 32 is divided by (-3 - (2 - 1))*(-17)/4?
15
Suppose 0 = -3*n - z - 4*z + 2, 2*z + 4 = 0. Let v(l) = l**2 - 2*l + 5. What is the remainder when 38 is divided by v(n)?
12
Let y(i) = i**2 + 8*i - 7. Let u be (1 - 4) + (-3 - 4). What is the remainder when 37 is divided by y(u)?
11
Let l(c) = 11*c + 190. Calculate the remainder when 2*2 + 6/3 is divided by l(-17).
0
Suppose j - 50 = -j. Suppose -i = -6*i + j. Suppose v = i*t + 24, 4*t - 3*t + 16 = 3*v. Calculate the remainder when 6 is divided by v.
2
Let m = -6 - -8. Suppose m*o = -8, -4*g + 11 + 9 = -2*o. Let z(t) = -t**2 + t + 8. What is the remainder when z(0) is divided by g?
2
Suppose 20 = -i + 5*i. Let s = -4 + 3. Let t = s - -4. Calculate the remainder when i is divided by t.
2
Suppose 7*y - 266 = -14. Calculate the remainder when 69 is divided by y.
33
Suppose 33 = p + 2*t - 20, 4*p - 5*t - 251 = 0. Suppose 0 = 6*b + 3*b - 135. What is the remainder when p is divided by b?
14
Suppose 3*a - 3*y + 24 = 0, a - 4*a - 2*y = 4. What is the remainder when ((-3)/a)/((-8)/(-288)) is divided by 15?
12
Suppose 9*a - 664 = 650. What is the remainder when a is divided by 37?
35
Suppose -4*d - i = 13 + 38, 0 = -d + 3*i - 29. Let w = 0 - d. What is the remainder when w is divided by 2/((-9)/(-18)*1/2)?
6
Suppose 0 = 11*u - 4*u - 105. Calculate the remainder when 25 is divided by u.
10
Suppose k + 1 + 3 = 0, 5*x = -5*k. Suppose r - 13 = 2. What is the remainder when r is divided by x?
3
Let d(q) = -2*q**3 - 3*q**2 - q - 1. Let g(a) = -14*a - 6. Let s be g(-4). Suppose s = 2*f + 3*f. What is the remainder when d(-3) is divided by f?
9
Let a = 9 + -7. Suppose -2*o - a*o = -80. Suppose 14 = -n + 3*n. Calculate the remainder when o is divided by n.
6
Let m = -11 + 36. Calculate the remainder when m is divided by 7.
4
Suppose -3*s = -2*v + 136, 51 = 5*v + 5*s - 339. Calculate the remainder when v is divided by 20.
14
Suppose 40 = -b + 5*b. Let n = 43 - 15. Calculate the remainder when n is divided by b.
8
Let i(r) be the third derivative of -r**6/120 - r**5/30 - 2*r**3/3 - 6*r**2. Let w be -3*1*(-1 - -2). Calculate the remainder when i(w) is divided by 2.
1
Let g = -11 + 37. Suppose -16 = -w - 39. Let j = w - -37. Calculate the remainder when g is divided by j.
12
Suppose -3*p - 35 + 11 = -5*t, 0 = -3*t + 2*p + 14. Calculate the remainder when 21 is divided by t.
3
Suppose 0 = 4*s - 0 + 12. Let t = 15 + s. What is the remainder when 35 is divided by t?
11
Let m be 1*-2 + (-48 - 2). Let v = -34 - m. Calculate the remainder when 33 is divided by v.
15
Suppose -l - 5*i + 31 = 0, -13 = -2*l + 4*i + 91. Suppose -2*q = -o + 20, -3*q = -3*o - 8 + 56. What is the remainder when l is divided by o?
10
Let o be 7 + 4/(-2) + -1. Let l = o - 0. What is the remainder when 10 is divided by l?
2
Let t = 2 - 4. Let z be (-3 - -1)*(-8 + 2). Calculate the remainder when 32 is divided by (z*1 - -1) + t.
10
Suppose -3*l - 5*v - 5 = -5*l, -2*v - 18 = -4*l. Calculate the remainder when 7 is divided by l.
2
Let h = -6 + 27. Suppose 6*w + 2 = 242. Calculate the remainder when w is divided by h.
19
Let g(y) = y**3 - 5*y**2 + y - 3. Let h be g(5). Let j(f) = f + 3*f - h*f. Calculate the remainder when 19 is divided by j(5).
9
Let z(g) = -8*g**2 - 6*g + 3. Let s(v) = -8*v**2 - 7*v + 3. Let h(y) = 3*s(y) - 4*z(y). Calculate the remainder when h(3) is divided by 27.
24
Suppose -2*k = -k - 7. Let i be 332/14 + 8/28. Suppose 0 = -2*j + 4*n - 2*n + i, 0 = n - 1. Calculate the remainder when j is divided by k.
6
Suppose -41 = -i + 3*h + 9, 0 = -3*i - 4*h + 98. Suppose -i - 49 = 3*l + 3*u, -115 = 4*l + 5*u. Let t = l + 44. What is the remainder when 39 is divided by t?
11
What is the remainder when 39 is divided by (2/3)/((-28)/(-1050))?
14
Let k(j) = j**3 + 4. Let u = -489 + 500. Calculate the remainder when u is divided by k(0).
3
Calculate the remainder when 18 is divided by (-1)/(-3)*15/1.
3
Let b(x) = 2*x**2 - 9*x + 4. Let a be b(6). Calculate the remainder when 23 is divided by (-36)/198 - (-180)/a.
7
Let u = 118 + -70. Calculate the remainder when u is divided by 25.
23
Suppose -q = -2*q. Let y be 2/(-2)*(q - 47). Suppose -p + 1 = -0*p, -5*w + y = 2*p. What is the remainder when 25 is divided by w?
7
Suppose -3*q + 11 = -22. Let c = 311 + -293. What is the remainder when c is divided by q?
7
Let n = 1 + 9. Let u(m) = m - 2. Let c be u(2). Suppose -5*z + c*z + 30 = 0. What is the remainder when n is divided by z?
4
Let z be 1 + (0 - -2) + 75. Suppose 4*s + 30 - z = 0. Calculate the remainder when 34 is divided by s.
10
Let g be (-1 - 1) + 1 + 3. Suppose -g*i - 2*v + 50 = 0, 4*i + 4*v = v + 97. Calculate the remainder when i is divided by 8.
6
Let a(v) = 4*v**3 - v**2 + v - 1. Let w be a(1). Suppose -w*h + 5*q + 67 = 0, -4*h = -0*h + 4*q - 100. Calculate the remainder when h is divided by 13.
11
What is the remainder when 148/5 + (-27)/45 is divided by 10?
9
Let s = -3 + 6. Let a(n) = 3*n**2 + 3*n - 1 - s - 2*n. Calculate the remainder when a(-3) is divided by 11.
9
Let f(o) = -10*o - 19. What is the remainder when f(-9) is divided by 37?
34
Let l(i) = -i**2 + 7*i - 6. Let a be l(6). Let n = a + 21. Calculate the remainder when 39 is divided by n.